.
2, 461
Let y = 119 - 83. What are the prime factors of (20/3)/5*y?
2, 3
Let h = -72 + 105. Let d be (1 - (-10)/(-15))*h. Let z = d - 0. What are the prime factors of z?
11
Let w be ((-1)/(-2))/((-3)/(-6)). What are the prime factors of (72/(-10) - 2)/(w/(-20))?
2, 23
Suppose 5*f - 130 = -3*k, 6*f = 4*k + f - 220. Suppose -6*z + k + 310 = 0. List the prime factors of z.
2, 3, 5
Let i(c) = -c**3 - c**2 - c - 1. Let q be i(-3). Let z = -12 + 20. List the prime factors of z/(-20) + 808/q.
2, 5
Let p = 8 + -6. Suppose -p*t - 45 = t. List the prime factors of 3 - 3 - (0 + t).
3, 5
Let y = -3288 + 5582. What are the prime factors of y?
2, 31, 37
Let q(f) = 17*f**3 - 5*f**2 + 2*f + 6. Let a be q(3). Suppose 0 = -3*r - 3*r + a. List the prime factors of r.
71
Let j(r) = -r**3 - 5*r**2 - 9*r + 4. Suppose -10 + 5 = n. List the prime factors of j(n).
7
Suppose 0*k + 28 = -2*k. Let m be 4/14 - 108/k. Suppose -3*j + 58 = -m. What are the prime factors of j?
2, 11
Suppose 19*j - 2607 = 8*j. List the prime factors of j.
3, 79
Let o(d) = d**2 + 15*d + 1. What are the prime factors of o(12)?
5, 13
Suppose -39285 = 24*w - 121*w. What are the prime factors of w?
3, 5
Let i be 0 + (3 - 2) + 84 + -3. Let v = i - 23. What are the prime factors of v?
59
Let p be 1857/11 + (-10)/(-55). What are the prime factors of 6/(-24) - p/(-4)?
2, 3, 7
Let t(l) = -77*l**2 + 8*l + 13. Let v(y) = 19*y**2 - 2*y - 3. Let u(z) = 2*t(z) + 9*v(z). Let g = -4 - -3. What are the prime factors of u(g)?
2, 3
Let o(d) = -5*d**3 - 14*d**2 - 4*d - 13. What are the prime factors of o(-5)?
2, 3, 47
Let s(g) = -3 - 3*g + 6*g + g + 2*g. Let h be s(12). Suppose 5*j = 194 - h. What are the prime factors of j?
5
Let t(f) = 19*f**2 + 23. List the prime factors of t(5).
2, 3, 83
Let u(h) = -h. Let d(r) = 12*r + 11. Let x(p) = -d(p) - u(p). What are the prime factors of x(-5)?
2, 11
What are the prime factors of 0/(-4) - -521 - 10?
7, 73
Let v be 19/6 + (-3)/18. Let f(p) = -p**3 + 7*p**2 - 4*p - 8. Let n be f(6). Suppose n*c = -7*m + v*m + 36, 2*m + 10 = 5*c. List the prime factors of c.
2
Let m(x) = x - 6. Let a be m(-8). Let p = a - -13. What are the prime factors of p - 6/(-3)*6?
11
Let y(t) = t**2 + 6*t + 7. Let k be y(-5). Suppose 0 = -k*r - 4*r + 336. List the prime factors of r.
2, 7
Let i = 523 + -221. What are the prime factors of i?
2, 151
Suppose 2*b = -2*b + 16. Suppose 2*a + 10 = 0, -b*a - 29 = -3*l - 3*a. Suppose 4*k - 20 = 0, -4*n = -4*k - l - 4. List the prime factors of n.
2
Suppose 0 = -5*v + 15, 6*l = 4*l + 2*v - 12. What are the prime factors of 10/l*153/(-34)?
3, 5
Suppose -4*c = -6*c + 154. Let r be (-4)/(-22) + 1988/c. Suppose 2*g + d + r = 4*g, -2*g = -5*d - 26. What are the prime factors of g?
13
Suppose -12*z = -76*z + 215680. List the prime factors of z.
2, 5, 337
List the prime factors of 502*(-3)/(-4) + 14/28.
13, 29
Suppose 3*u = 2*b - 0*b - 15, 3*b + 5*u + 6 = 0. Suppose -k - 5*t + 39 = 0, -2*k + 3*k = -b*t + 41. List the prime factors of k.
2, 11
Let a be 2/(960/(-485) - -2). Suppose 0 = -6*i + 239 + a. What are the prime factors of i?
2, 7
What are the prime factors of 5/(-2)*44092/(-365)?
2, 151
Let m(f) = -f**2 - 6*f. Let p be m(-6). Suppose -3*i - i = p. What are the prime factors of (i - -2)*(-14)/(-4)?
7
Suppose -2*s + 5*s = 6. Suppose 4*b = 3*y + 480, -s*y + 4*y = -4*b - 320. List the prime factors of (-6)/(-4)*y/(-12).
2, 5
Let g(p) = p**2 + 19*p - 1. Let t be g(-20). Suppose -t*z = -15*z - 156. What are the prime factors of z?
3, 13
Let r = -266 + 790. What are the prime factors of r?
2, 131
Let q be (2 + -5)*4/6. Let s = q - 42. Let k = 90 + s. List the prime factors of k.
2, 23
Suppose 6057 = 22*r - 13743. List the prime factors of r.
2, 3, 5
Let u = -4 - -6. Let b(k) = 4*k - 3. Let x be b(u). What are the prime factors of 3/((45/6)/x)?
2
Let c = -32 - 10. Let m = c - -139. List the prime factors of m.
97
Let u = -255 + 396. What are the prime factors of u?
3, 47
What are the prime factors of (-10984)/(-28) - (-2)/(-7)?
2, 7
Let z = 3868 + -2521. What are the prime factors of z?
3, 449
Let n(w) = 148*w - 931. What are the prime factors of n(29)?
3361
Let b(z) = z**3 + 3*z**2 - 4*z + 3. Let f = -13 - -9. Let d be b(f). Suppose j = -0*j + d. What are the prime factors of j?
3
Let j(t) = 24*t**2 - 4*t + 6. List the prime factors of j(3).
2, 3, 5, 7
Let v be 20 + 7/(7/(-3)). Suppose -89 = -3*r + 4*d, -r + 5*d - v = -2*r. List the prime factors of r.
3
Let w be (-1 - -1) + (-55)/(-11). Let j = -31 + w. Let p = j + 40. What are the prime factors of p?
2, 7
Suppose 4*n - j = 1981, -4*n + 6*j - 7*j = -1979. List the prime factors of n.
3, 5, 11
Suppose o - 98 = 5*m, 4*o = -m - 2*m - 68. Let z = 20 + m. Suppose 6*u - 83 - 43 = z. What are the prime factors of u?
3, 7
Suppose 0 = 3*m - 1198 - 416. What are the prime factors of m?
2, 269
Suppose 0 = -y + 86 - 17. What are the prime factors of y?
3, 23
Suppose -2311 + 10711 = 10*h. What are the prime factors of h?
2, 3, 5, 7
Let p(x) = -2*x + 14*x - 23 + 24. Let f be p(1). Let v = 45 - f. What are the prime factors of v?
2
Let c = 18 + -12. Suppose -26 - 238 = -c*t. List the prime factors of t.
2, 11
What are the prime factors of (-4 + 16)*(-573)/(-12)?
3, 191
Suppose 42 = 13*f - 10. Suppose f*i - 88 - 352 = 0. List the prime factors of i.
2, 5, 11
Let m be (875/(-70))/((-47)/46 - -1). Suppose 0 = -12*r + m + 877. What are the prime factors of r?
11
Suppose 3*r - 4*r = 3*p - 5, 0 = -2*p - 2*r + 2. Suppose -p*s - 672 = -8*s. List the prime factors of s.
2, 7
Let y be 10 + -5 - (3 - (1 + -2)). Let h(a) = 49*a**2 - 9*a + 10. List the prime factors of h(y).
2, 5
Suppose -v = -q + 47, 5*q = v + 121 + 126. What are the prime factors of q?
2, 5
Suppose -h - 14 + 1 = 0. Suppose 158 - 18 = 4*o - 3*v, -3*o + 4*v + 112 = 0. Let d = h + o. List the prime factors of d.
19
Let y(o) = 50*o + 188. List the prime factors of y(13).
2, 419
Let s = 35 + -31. Suppose s*z - 4*d = 2 + 6, -4*z - 3*d = -8. Let f(n) = 2*n**3 - 2*n**2 - 2*n + 4. List the prime factors of f(z).
2
Let b = -1 - -1. Suppose -4*j + 2*q + 196 = 0, b = j + 3*j - q - 198. What are the prime factors of j?
2, 5
What are the prime factors of 0 + (-19)/((-19)/730)?
2, 5, 73
Suppose -2*j + 8 = -2*h, -j - 3*j - 5*h - 20 = 0. Suppose 2*m - 4*y - 260 = -j*m, -m + 4*y + 124 = 0. List the prime factors of m.
2, 17
List the prime factors of (-10)/(-8 - -18) - -911.
2, 5, 7, 13
Let p be 6*(-3 - 2)/(-30). Suppose -5*r + 44 = -p. List the prime factors of r.
3
Let h(d) = -26*d + 10. Let o be h(-3). Let s = o + -41. List the prime factors of s.
47
Suppose -3*b = -2*b - 69. Suppose 2*z + 5*k = b, 0 = -4*z + 4*k - 99 + 279. What are the prime factors of z?
2, 3, 7
Let p = 602 + -526. What are the prime factors of p?
2, 19
Let m(s) = 2*s**3 - s**2 - 24*s - 21. List the prime factors of m(7).
2, 7
What are the prime factors of 28713/(-68)*8/(-6)?
563
Let d(r) = 652*r + 139. What are the prime factors of d(5)?
3, 11, 103
Suppose 16*q = 17*q - 5*c - 1474, -5*q - 4*c + 7486 = 0. List the prime factors of q.
2, 3, 83
Suppose 0*v - 833 = -v + 5*n, -2*n - 2434 = -3*v. What are the prime factors of v?
2, 101
Let j be 6/54 + (-26)/(-9). Suppose j*i - 110 = 268. List the prime factors of i.
2, 3, 7
Suppose y + 4*n = 200, -4*n - 9 = -7*n. Let v = -112 + y. What are the prime factors of v?
2, 19
Let t = -154 + -169. Let h = -226 - t. List the prime factors of h.
97
Let q(f) = f**3 + 28*f**2 + 50*f + 55. What are the prime factors of q(-25)?
2, 5, 17
Suppose -752 = -4*l + 4*h, -4*l + 946 = l - 2*h. Let w = l - 60. List the prime factors of w.
2, 5, 13
Suppose 0 = -4*c - c + 180. List the prime factors of 24/c + (-158)/(-6).
3
Suppose 47*n = 96*n - 23961. List the prime factors of n.
3, 163
Let y(m) be the second derivative of 5*m**3/6 + 9*m**2/2 + 8*m. What are the prime factors of y(10)?
59
Let m be 0/(0 + -6 - -5). Suppose 0 = 3*f - 1 - 8. List the prime factors of 1/f*(129 + m).
43
Let o(u) = u**2 + u. Let m(b) = 7. Let i(t) = -m(t) + 2*o(t). Let r(y) = y**3 + 5*y**2 - 16*y - 10. Let w be r(-7). List the prime factors of i(w).
3, 11
Suppose 0 = v + 3*v - 5*l - 998, -3*v = 3*l - 762. Let u be v/48*(0 + 8). Suppose -2*d + u = -0*d. What are the prime factors of d?
3, 7
Let z = 13 - 7. Suppose -z*